{"id":106,"date":"2013-11-28T00:20:18","date_gmt":"2013-11-27T22:20:18","guid":{"rendered":"http:\/\/brassoi-turista-egyesulet.eu\/?page_id=106"},"modified":"2016-02-25T12:56:39","modified_gmt":"2016-02-25T09:56:39","slug":"foto-galeria","status":"publish","type":"page","link":"https:\/\/brassoi-turista-egyesulet.eu\/?page_id=106","title":{"rendered":"Fot\u00f3 gal\u00e9ria I"},"content":{"rendered":"<p><strong>Iszapvulk\u00e1nok a Siriui v\u00edzt\u00e1rol\u00f3 k\u00f6zel\u00e9ben.<\/strong><\/p>\n<span style=\"display:block;clear:both;height: 0px;padding-top: 20px;\"><\/span>\n<p>[nggallery id=96]<\/p>\n<span style=\"display:block;clear:both;height: 0px;padding-top: 20px;\"><\/span>\n<p>&nbsp;<\/p>\n<p><strong>A Szent Anna \u00a0t\u00f3 \u00e9s k\u00f6rny\u00e9ke<br \/>\nB\u00fcd\u00f6s hegy &#8211; Buff\u00f3g\u00f3 &#8211; N\u00e1das f\u00fcrd\u0151 &#8211; Mohos &#8211; tusn\u00e1di l\u00e1pos<\/strong><\/p>\n<span style=\"display:block;clear:both;height: 0px;padding-top: 20px;\"><\/span>\n<p>[nggallery id=93]<\/p>\n<span style=\"display:block;clear:both;height: 0px;padding-top: 20px;\"><\/span>\n<p>&nbsp;<\/p>\n<p><strong>A Bucsecs , a\u00a0K\u00e1rp\u00e1tkanyar legmagassabb hegys\u00e9ge<\/strong><\/p>\n<span style=\"display:block;clear:both;height: 0px;padding-top: 20px;\"><\/span>\n<p>[nggallery id=90]<\/p>\n<span style=\"display:block;clear:both;height: 0px;padding-top: 20px;\"><\/span>\n<p>&nbsp;<\/p>\n<p><strong>A Kir\u00e1lyk\u0151, a K\u00e1rp\u00e1tkanyar sziklav\u00e1ra<\/strong><\/p>\n<span style=\"display:block;clear:both;height: 0px;padding-top: 20px;\"><\/span>\n<p>[nggallery id=87]<\/p>\n<span style=\"display:block;clear:both;height: 0px;padding-top: 20px;\"><\/span>\n<p>&nbsp;<\/p>\n<p><strong>S\u00e9ta K\u00e9zdiv\u00e1s\u00e1rhelyen \u00e9s l\u00e1togat\u00e1s a GY\u0170JTEM\u00c9NYEK H\u00c1Z\u00c1BA<\/strong><\/p>\n<span style=\"display:block;clear:both;height: 0px;padding-top: 20px;\"><\/span>\n<p>[nggallery id=82]<\/p>\n<span style=\"display:block;clear:both;height: 0px;padding-top: 20px;\"><\/span>\n<p>&nbsp;<\/p>\n<p><strong>L\u00e1togat\u00e1s a Csern\u00e1tfalusi M\u00fazeumba<\/strong><\/p>\n<span style=\"display:block;clear:both;height: 0px;padding-top: 20px;\"><\/span>\n<p>[nggallery id=81]<\/p>\n<span style=\"display:block;clear:both;height: 0px;padding-top: 20px;\"><\/span>\n<p>&nbsp;<\/p>\n<p><strong>A Kaz\u00e1n szoros &#8211; Sz\u00e9chenyi \u00fat &#8211; Vaskapu &#8211; Ada-Kaleh. 1964<\/strong><\/p>\n<span style=\"display:block;clear:both;height: 0px;padding-top: 20px;\"><\/span>\n<p>[nggallery id=74]<\/p>\n<span style=\"display:block;clear:both;height: 0px;padding-top: 20px;\"><\/span>\n<p>&nbsp;<\/p>\n<p><strong>Az \u00daz \u00e9s Gyimes v\u00f6lgy\u00e9ben k\u00e9sz\u00fclt k\u00e9pek<\/strong><\/p>\n<span style=\"display:block;clear:both;height: 0px;padding-top: 20px;\"><\/span>\n<p>[nggallery id=71]<\/p>\n<span style=\"display:block;clear:both;height: 0px;padding-top: 20px;\"><\/span>\n<p><strong>A BTE 2014-ben szervezett lemh\u00e9nyi t\u00e1borban k\u00e9sz\u00fclt k\u00e9pek<\/strong><\/p>\n<span style=\"display:block;clear:both;height: 0px;padding-top: 20px;\"><\/span>\n<p>[nggallery id=69]<\/p>\n<p>&nbsp;<\/p>\n<p><strong>Gyimesi v\u00f6lgyh\u00eddak \u00e9s az \u00c1rp\u00e1dh\u00e1zi Szent Erzs\u00e9bet gimn\u00e1zium<\/strong><\/p>\n<span style=\"display:block;clear:both;height: 0px;padding-top: 20px;\"><\/span>\n<p>[nggallery id=65]<\/p>\n<p>&nbsp;<\/p>\n<p><strong>Marosh\u00e9viz &#8211; 2014 augusztus 2<\/strong><\/p>\n<p>[nggallery id=61]<\/p>\n<p>&nbsp;<\/p>\n<p><strong>Buksa &#8211; Strunga \u00e9s a Dud\u00e1k 2014<\/strong><\/p>\n<p>[nggallery id=55]<\/p>\n<p>&nbsp;<\/p>\n<p><strong>Csuk\u00e1s 2014 &#8211; kil\u00e1t\u00e1s a Bratocsa gerincr\u0151l<\/strong><\/p>\n<p>[nggallery id=54]<\/p>\n<p>&nbsp;<\/p>\n<p><strong>Dalnok,\u00a0<\/strong><strong style=\"line-height: 1.5;\">1514 &#8211; 2014\u00a0<\/strong><strong style=\"line-height: 1.5;\">D\u00f3zsa Gy\u00f6rgy eml\u00e9ke<\/strong><\/p>\n<p>[nggallery id=53]<\/p>\n<p>&nbsp;<\/p>\n<p><strong>Retyez\u00e1t. A K\u00e1rp\u00e1tkoszor\u00fa gy\u00f6ngye.<\/strong><\/p>\n<p>[nggallery id=48]<\/p>\n<p>&nbsp;<\/p>\n<p><strong>M\u00e1jus 10.-e a madarak \u00e9s a f\u00e1k napja<\/strong><\/p>\n<p>[nggallery id=44]<\/p>\n<p>&nbsp;<\/p>\n<p><strong style=\"line-height: 1.5;\">A Sug\u00f3 patak, amit Orb\u00e1n Bal\u00e1zs is megcsod\u00e1lt<\/strong><\/p>\n<p>[nggallery id=41]<\/p>\n<p>&nbsp;<\/p>\n<p><strong>A Csuk\u00e1s hegys\u00e9g szikl\u00e1i<\/strong><\/p>\n<p>[nggallery id=38]<\/p>\n<p>&nbsp;<\/p>\n<p><strong>L\u00e1togat\u00e1s Sz\u00e9kely Csab\u00e1n\u00e1l Sz\u00e9pv\u00edzen \u00e9s a l\u00f3v\u00e9szi Karak\u00f3 v\u00f6gy-h\u00eddn\u00e1l<\/strong><\/p>\n<p>[nggallery id=36]<\/p>\n<p>&nbsp;<\/p>\n<p><strong>R\u00e9tyi Ny\u00edr<\/strong><\/p>\n<p>[nggallery id=32]<\/p>\n<p>&nbsp;<\/p>\n<p><strong>LEMPES &#8211; V\u00c1RHEGY<\/strong><\/p>\n<p>[nggallery id=31]<\/p>\n<p>&nbsp;<\/p>\n<p><strong>ELVESZETT VIL\u00c1G<\/strong><\/p>\n<p>Vargyas szoros<\/p>\n<p>[nggallery id=16]<\/p>\n<p>&nbsp;<\/p>\n<p><strong>\u0150szi barangol\u00e1s az Olt ment\u00e9n &#8211; 2012<\/strong><\/p>\n<p>[nggallery id=13]<\/p>\n<p><strong style=\"line-height: 1.5;\">Cenk<\/strong><\/p>\n<p>[nggallery id=2]<\/p>\n<p>&nbsp;<\/p>\n<p><strong>2012 &#8211; Csiporka<\/strong><\/p>\n<p>[nggallery id=3]<\/p>\n<p>&nbsp;<\/p>\n<p><strong>Kopjaf\u00e1k<\/strong><\/p>\n<p>[nggallery id=4]<\/p>\n<p>[nggallery id=5]<\/p>\n<p>[nggallery id=7]<\/p>\n<p>[nggallery id=6]<\/p>\n<p>&nbsp;<\/p>\n<p><strong>SISSY eml\u00e9kt\u00far\u00e1k Halm\u00e1gyra, EKE, BTE, RK keretein bel\u00fcl<\/strong><\/p>\n<p>[nggallery id=9]<\/p>\n<p>[nggallery id=10]<\/p>\n<p>&nbsp;<\/p>\n<p>&nbsp;<\/p>\n","protected":false},"excerpt":{"rendered":"<p>Iszapvulk\u00e1nok a Siriui v\u00edzt\u00e1rol\u00f3 k\u00f6zel\u00e9ben. [nggallery id=96] &nbsp; A Szent Anna \u00a0t\u00f3 \u00e9s k\u00f6rny\u00e9ke B\u00fcd\u00f6s hegy &#8211; Buff\u00f3g\u00f3 &#8211; N\u00e1das f\u00fcrd\u0151 &#8211; Mohos &#8211; tusn\u00e1di l\u00e1pos [nggallery id=93] &nbsp; A Bucsecs , a\u00a0K\u00e1rp\u00e1tkanyar legmagassabb hegys\u00e9ge [nggallery id=90] &nbsp; A Kir\u00e1lyk\u0151, a K\u00e1rp\u00e1tkanyar sziklav\u00e1ra [nggallery id=87] &nbsp; S\u00e9ta K\u00e9zdiv\u00e1s\u00e1rhelyen \u00e9s l\u00e1togat\u00e1s a GY\u0170JTEM\u00c9NYEK H\u00c1Z\u00c1BA [nggallery id=82] &hellip; <a href=\"https:\/\/brassoi-turista-egyesulet.eu\/?page_id=106\" class=\"more-link\">Continue reading <span class=\"screen-reader-text\">Fot\u00f3 gal\u00e9ria I<\/span> <span class=\"meta-nav\">&rarr;<\/span><\/a><\/p>\n","protected":false},"author":1,"featured_media":0,"parent":0,"menu_order":0,"comment_status":"closed","ping_status":"closed","template":"","meta":{"footnotes":""},"class_list":["post-106","page","type-page","status-publish","hentry"],"_links":{"self":[{"href":"https:\/\/brassoi-turista-egyesulet.eu\/index.php?rest_route=\/wp\/v2\/pages\/106","targetHints":{"allow":["GET"]}}],"collection":[{"href":"https:\/\/brassoi-turista-egyesulet.eu\/index.php?rest_route=\/wp\/v2\/pages"}],"about":[{"href":"https:\/\/brassoi-turista-egyesulet.eu\/index.php?rest_route=\/wp\/v2\/types\/page"}],"author":[{"embeddable":true,"href":"https:\/\/brassoi-turista-egyesulet.eu\/index.php?rest_route=\/wp\/v2\/users\/1"}],"replies":[{"embeddable":true,"href":"https:\/\/brassoi-turista-egyesulet.eu\/index.php?rest_route=%2Fwp%2Fv2%2Fcomments&post=106"}],"version-history":[{"count":40,"href":"https:\/\/brassoi-turista-egyesulet.eu\/index.php?rest_route=\/wp\/v2\/pages\/106\/revisions"}],"predecessor-version":[{"id":893,"href":"https:\/\/brassoi-turista-egyesulet.eu\/index.php?rest_route=\/wp\/v2\/pages\/106\/revisions\/893"}],"wp:attachment":[{"href":"https:\/\/brassoi-turista-egyesulet.eu\/index.php?rest_route=%2Fwp%2Fv2%2Fmedia&parent=106"}],"curies":[{"name":"wp","href":"https:\/\/api.w.org\/{rel}","templated":true}]}}

Fotó galéria I

<p><strong>Iszapvulkánok a Siriui víztároló közelében.</strong></p>
<span style="display:block;clear:both;height: 0px;padding-top: 20px;"></span>
<p>[nggallery id=96]</p>
<span style="display:block;clear:both;height: 0px;padding-top: 20px;"></span>
<p>&nbsp;</p>
<p><strong>A Szent Anna  tó és környéke<br />
Büdös hegy &#8211; Buffógó &#8211; Nádas fürdő &#8211; Mohos &#8211; tusnádi lápos</strong></p>
<span style="display:block;clear:both;height: 0px;padding-top: 20px;"></span>
<p>[nggallery id=93]</p>
<span style="display:block;clear:both;height: 0px;padding-top: 20px;"></span>
<p>&nbsp;</p>
<p><strong>A Bucsecs , a Kárpátkanyar legmagassabb hegysége</strong></p>
<span style="display:block;clear:both;height: 0px;padding-top: 20px;"></span>
<p>[nggallery id=90]</p>
<span style="display:block;clear:both;height: 0px;padding-top: 20px;"></span>
<p>&nbsp;</p>
<p><strong>A Királykő, a Kárpátkanyar sziklavára</strong></p>
<span style="display:block;clear:both;height: 0px;padding-top: 20px;"></span>
<p>[nggallery id=87]</p>
<span style="display:block;clear:both;height: 0px;padding-top: 20px;"></span>
<p>&nbsp;</p>
<p><strong>Séta Kézdivásárhelyen és látogatás a GYŰJTEMÉNYEK HÁZÁBA</strong></p>
<span style="display:block;clear:both;height: 0px;padding-top: 20px;"></span>
<p>[nggallery id=82]</p>
<span style="display:block;clear:both;height: 0px;padding-top: 20px;"></span>
<p>&nbsp;</p>
<p><strong>Látogatás a Csernátfalusi Múzeumba</strong></p>
<span style="display:block;clear:both;height: 0px;padding-top: 20px;"></span>
<p>[nggallery id=81]</p>
<span style="display:block;clear:both;height: 0px;padding-top: 20px;"></span>
<p>&nbsp;</p>
<p><strong>A Kazán szoros &#8211; Széchenyi út &#8211; Vaskapu &#8211; Ada-Kaleh. 1964</strong></p>
<span style="display:block;clear:both;height: 0px;padding-top: 20px;"></span>
<p>[nggallery id=74]</p>
<span style="display:block;clear:both;height: 0px;padding-top: 20px;"></span>
<p>&nbsp;</p>
<p><strong>Az Úz és Gyimes völgyében készült képek</strong></p>
<span style="display:block;clear:both;height: 0px;padding-top: 20px;"></span>
<p>[nggallery id=71]</p>
<span style="display:block;clear:both;height: 0px;padding-top: 20px;"></span>
<p><strong>A BTE 2014-ben szervezett lemhényi táborban készült képek</strong></p>
<span style="display:block;clear:both;height: 0px;padding-top: 20px;"></span>
<p>[nggallery id=69]</p>
<p>&nbsp;</p>
<p><strong>Gyimesi völgyhídak és az Árpádházi Szent Erzsébet gimnázium</strong></p>
<span style="display:block;clear:both;height: 0px;padding-top: 20px;"></span>
<p>[nggallery id=65]</p>
<p>&nbsp;</p>
<p><strong>Maroshéviz &#8211; 2014 augusztus 2</strong></p>
<p>[nggallery id=61]</p>
<p>&nbsp;</p>
<p><strong>Buksa &#8211; Strunga és a Dudák 2014</strong></p>
<p>[nggallery id=55]</p>
<p>&nbsp;</p>
<p><strong>Csukás 2014 &#8211; kilátás a Bratocsa gerincről</strong></p>
<p>[nggallery id=54]</p>
<p>&nbsp;</p>
<p><strong>Dalnok, </strong><strong style="line-height: 1.5;">1514 &#8211; 2014 </strong><strong style="line-height: 1.5;">Dózsa György emléke</strong></p>
<p>[nggallery id=53]</p>
<p>&nbsp;</p>
<p><strong>Retyezát. A Kárpátkoszorú gyöngye.</strong></p>
<p>[nggallery id=48]</p>
<p>&nbsp;</p>
<p><strong>Május 10.-e a madarak és a fák napja</strong></p>
<p>[nggallery id=44]</p>
<p>&nbsp;</p>
<p><strong style="line-height: 1.5;">A Sugó patak, amit Orbán Balázs is megcsodált</strong></p>
<p>[nggallery id=41]</p>
<p>&nbsp;</p>
<p><strong>A Csukás hegység sziklái</strong></p>
<p>[nggallery id=38]</p>
<p>&nbsp;</p>
<p><strong>Látogatás Székely Csabánál Szépvízen és a lóvészi Karakó vögy-hídnál</strong></p>
<p>[nggallery id=36]</p>
<p>&nbsp;</p>
<p><strong>Rétyi Nyír</strong></p>
<p>[nggallery id=32]</p>
<p>&nbsp;</p>
<p><strong>LEMPES &#8211; VÁRHEGY</strong></p>
<p>[nggallery id=31]</p>
<p>&nbsp;</p>
<p><strong>ELVESZETT VILÁG</strong></p>
<p>Vargyas szoros</p>
<p>[nggallery id=16]</p>
<p>&nbsp;</p>
<p><strong>Őszi barangolás az Olt mentén &#8211; 2012</strong></p>
<p>[nggallery id=13]</p>
<p><strong style="line-height: 1.5;">Cenk</strong></p>
<p>[nggallery id=2]</p>
<p>&nbsp;</p>
<p><strong>2012 &#8211; Csiporka</strong></p>
<p>[nggallery id=3]</p>
<p>&nbsp;</p>
<p><strong>Kopjafák</strong></p>
<p>[nggallery id=4]</p>
<p>[nggallery id=5]</p>
<p>[nggallery id=7]</p>
<p>[nggallery id=6]</p>
<p>&nbsp;</p>
<p><strong>SISSY emléktúrák Halmágyra, EKE, BTE, RK keretein belül</strong></p>
<p>[nggallery id=9]</p>
<p>[nggallery id=10]</p>
<p>&nbsp;</p>
<p>&nbsp;</p>

<p>Iszapvulkánok a Siriui víztároló közelében. [nggallery id=96] &nbsp; A Szent Anna  tó és környéke Büdös hegy &#8211; Buffógó &#8211; Nádas fürdő &#8211; Mohos &#8211; tusnádi lápos [nggallery id=93] &nbsp; A Bucsecs , a Kárpátkanyar legmagassabb hegysége [nggallery id=90] &nbsp; A Királykő, a Kárpátkanyar sziklavára [nggallery id=87] &nbsp; Séta Kézdivásárhelyen és látogatás a GYŰJTEMÉNYEK HÁZÁBA [nggallery id=82] &hellip; <a href="https://brassoi-turista-egyesulet.eu/?page_id=106" class="more-link">Continue reading <span class="screen-reader-text">Fotó galéria I</span> <span class="meta-nav">&rarr;</span></a></p>
