{"id":155,"date":"2013-12-12T00:13:10","date_gmt":"2013-12-11T22:13:10","guid":{"rendered":"http:\/\/brassoi-turista-egyesulet.eu\/?page_id=155"},"modified":"2015-12-29T12:56:36","modified_gmt":"2015-12-29T09:56:36","slug":"kopjafa-avatasok","status":"publish","type":"page","link":"https:\/\/brassoi-turista-egyesulet.eu\/?page_id=155","title":{"rendered":"Kopjafa avat\u00e1sok"},"content":{"rendered":"<p>2010 ma\u0301rcius 15-e\u0301n, a Nyergesteto\u030bn kopjafa\u0301t a\u0301lli\u0301tottunk az 1849-ban elesett <strong>HO\u030bSO\u0308KNEK<\/strong> az emle\u0301ke\u0301re e\u0301s megkoszoru\u0301ztuk az emle\u0301kmu\u030bvet, majd a kopjafa felszentele\u0301se\u0301re keru\u0308lt sor.<\/p>\n<p>[nggallery id=4]<\/p>\n<p>[nggallery id=5]<\/p>\n<p data-textformat=\"{&quot;type&quot;:&quot;text&quot;}\">2013 ju\u0301nius 9-e\u0301n, vasa\u0301rnap <strong>SZE\u0301KELY GE\u0301ZA\u0301NAK<\/strong>\u00a0 a\u0301lli\u0301tottunk\u00a0 kopjafa\u0301t a postare\u0301ti katolikus temeto\u030bben. A kopjafa\u0301t Ciprian tisztelendo\u030b u\u0301r szentelte fel.<\/p>\n<p data-textformat=\"{&quot;type&quot;:&quot;text&quot;}\"><strong>SZE\u0301KELY GE\u0301ZA<\/strong> Brasso\u0301ba szu\u0308letett, a hajdani <strong>Brasso\u0301i Turista Egyesu\u0308let<\/strong> turista titka\u0301ra. Elso\u030bke\u0301nt i\u0301rta le magyar nyelven a Nagyko\u030bhavast,\u00a0 a <strong>BRASSO\u0301I TURISTA<\/strong> \u00a0az <strong>ERDE\u0301LYI TURISTA<\/strong>, e\u0301s a <strong>BRASSO\u0301I LAPOK<\/strong> szerkeszto\u030bje. Si\u0301 oktato\u0301, csi\u0301kszeredai bara\u0301tja\u0301val, Va\u0301mszer Ge\u0301za\u0301val le\u0301trehozza\u0301k a<strong> Brasso\u0301i Turista Egyesu\u0308let<\/strong> cs\u00edki oszta\u0301lya\u0301t. Brasso\u0301i teve\u0301kenyse\u0301geit me\u0301g tova\u0301bb sorolhatna\u0301nk.<\/p>\n<p data-textformat=\"{&quot;type&quot;:&quot;text&quot;}\">1940-ben, Csi\u0301kszereda\u0301ba ko\u0308lto\u0308zo\u0308tt. <strong>A Csi\u0301ksze\u0301ki EKE<\/strong>\u00a0 u\u0308gyvezeto\u030bje, <strong>Csi\u0301kva\u0301rmegye<\/strong> honismerteto\u030b lei\u0301ra\u0301sa 10.000 pe\u0301lda\u0301nyban jelent meg. A tova\u0301bbi teve\u0301kenyse\u0301geiro\u030bl to\u0308bb oldalt lehetne i\u0301rni.<strong> A Nagyk\u0151havas II.<\/strong>\u00a0 kiada\u0301sa\u0301ban\u00a0 re\u0301szletesebb lei\u0301ra\u0301st tala\u0301lunk.<\/p>\n<p data-textformat=\"{&quot;type&quot;:&quot;text&quot;}\">[nggallery id=8]<\/p>\n<p data-textformat=\"{&quot;type&quot;:&quot;text&quot;}\">2013 szeptember 11-e\u0301n, szerda\u0301n <strong>Hala\u0301sz Gyula<\/strong>\u00a0 kopjafa\u0301j\u00e1t avattuk fel a postare\u0301ti katolikus temeto\u030bben, szu\u0308lete\u0301se\u0301nek 142-ik e\u0301vfordulo\u0301ja\u0301ra.<\/p>\n<p data-textformat=\"{&quot;type&quot;:&quot;text&quot;}\">Eredetileg a kopjafa\u0301t, szu\u0308lete\u0301se\u0301nek a 140-ik\u00a0e\u0301vfordulo\u0301ja\u0301ra sza\u0301ntuk, 2011 szeptember 11-re, szu\u0308lete\u0301snapja\u0301ra. A kopjafa nem ke\u0301szu\u0308lt el, a\u00a0 kopjafa farago\u0301 hozza\u0301 se fogott, eze\u0301rt ma\u0301s farago\u0301t kellett keresnu\u0308nk. Ve\u0301gu\u0308l egy szentgyo\u0308rgyi farago\u0301 ke\u0301szi\u0301tette el a te\u0301l bea\u0301llta\u0301ra. E\u0301ppen csak fel tudtuk a\u0301lli\u0301tani. 2012-ben\u00a0 kellett volna felavatni, de az egyes\u00fcletben felmer\u00fclt probl\u00e9m\u00e1k miatt erre nem ker\u00fclt sor, eze\u0301rt maradt 2013-ra.<\/p>\n<p data-textformat=\"{&quot;type&quot;:&quot;text&quot;}\"><strong>HALA\u0301SZ GYULA<\/strong> i\u0301ro\u0301, az 1893-ban, alakult <strong>brasso\u0301i EKE<\/strong> fio\u0301k oszta\u0301ly-elno\u0308ke. Elno\u0308kse\u0301ge alatt ke\u0301t turistaha\u0301zat avatnak a Nagyko\u030b-havason. Trianon uta\u0301n az u\u0301j a\u0301llamhatalom az EKE jogi szeme\u0301lyise\u0301ge\u0301t nem ismeri el e\u0301s eze\u0301rt\u00a0 1927-bn <strong>Brasso\u0301i Turista Egyesu\u0308let<\/strong> ne\u0301v alatt to\u0308rve\u0301nyesi\u0301tik. Az elno\u0308k tova\u0301bbra is <strong>Hala\u0301sz Gyula<\/strong> marad. Elno\u0308kse\u0301ge alatt egy kis turistaha\u0301z e\u0301pu\u0308l, de ro\u0308videsen fele\u0301pu\u0308l a nagy turistasza\u0301llo\u0301 a Nagyko\u030bhavason. Ez a legnagyobb e\u0301rdeme.<\/p>\n<p data-textformat=\"{&quot;type&quot;:&quot;text&quot;}\">[nggallery id=11]<\/p>\n<p data-textformat=\"{&quot;type&quot;:&quot;text&quot;}\"><strong>13 kopjafa Sepsiszentgyo\u0308rgyo\u0308n<\/strong><\/p>\n<p data-textformat=\"{&quot;type&quot;:&quot;text&quot;}\">2013 Okto\u0301ber 12-e\u0301n, szombaton Sepsiszentgyo\u0308rgyre kira\u0301ndultunk. A va\u0301ros egy u\u0301jabb kegyhellyel gazdagodott. 2013 okt\u00f3ber 6-a\u0301n a\u0301lli\u0301totta\u0301k fel az aradi ve\u0301rtanu\u0301k\u00a0 emle\u0301ke\u0301t ide\u0301zo\u030b 13 kopjafa\u0301t. A kopjafa\u0301na\u0301l a ve\u0301rtanu\u0301kra emle\u0301keztu\u0308nk, fejhajta\u0301ssal tisztelegtu\u0308nk e\u0301s egy koszoru\u0301t helyeztu\u0308nk el, majd kira\u0301ndulni mentu\u0308nk a ko\u0308zeli hegyha\u0301tra.<\/p>\n<p data-textformat=\"{&quot;type&quot;:&quot;text&quot;}\">Az u\u0301jsa\u0301gban ko\u0308zo\u0308lt ke\u0301pen csak 12 kopjafa la\u0301tszik,\u00a0 ezt a hia\u0301nyt most potoljuk.<\/p>\n<p data-textformat=\"{&quot;type&quot;:&quot;text&quot;}\">[nggallery id=6]<\/p>\n<p data-textformat=\"{&quot;type&quot;:&quot;text&quot;}\">Okto\u0301ber 10-e\u0301n csu\u0308to\u0308rto\u0308ko\u0308n, <strong>Kisborosnyo\u0301 \u2013 Nagypatak- Va\u0301rnica<\/strong> u\u0301tvonalon kira\u0301ndultunk.<\/p>\n<p data-textformat=\"{&quot;type&quot;:&quot;text&quot;}\"><strong>Kisborosnyo\u0301n\u00a0<\/strong> a kopjafa kertet szemle\u0301ltu\u0308k meg. To\u0308rte\u0301nelmi Emle\u0301khely. <strong>SISSY HA\u0301RSFA \u2013 KO\u0308RO\u0308ND.<\/strong><\/p>\n<p data-textformat=\"{&quot;type&quot;:&quot;text&quot;}\">[nggallery id=7]<\/p>\n<p>Majd a Va\u0301rnica\u0301ra kira\u0301ndultunk, gyo\u0308nyo\u0308ru\u030b o\u030bszi kira\u0301ndula\u0301sban volt re\u0301szu\u0308nk<\/p>\n","protected":false},"excerpt":{"rendered":"<p>2010 ma\u0301rcius 15-e\u0301n, a Nyergesteto\u030bn kopjafa\u0301t a\u0301lli\u0301tottunk az 1849-ban elesett HO\u030bSO\u0308KNEK az emle\u0301ke\u0301re e\u0301s megkoszoru\u0301ztuk az emle\u0301kmu\u030bvet, majd a kopjafa felszentele\u0301se\u0301re keru\u0308lt sor. [nggallery id=4] [nggallery id=5] 2013 ju\u0301nius 9-e\u0301n, vasa\u0301rnap SZE\u0301KELY GE\u0301ZA\u0301NAK\u00a0 a\u0301lli\u0301tottunk\u00a0 kopjafa\u0301t a postare\u0301ti katolikus temeto\u030bben. A kopjafa\u0301t Ciprian tisztelendo\u030b u\u0301r szentelte fel. SZE\u0301KELY GE\u0301ZA Brasso\u0301ba szu\u0308letett, a hajdani Brasso\u0301i Turista Egyesu\u0308let &hellip; <a href=\"https:\/\/brassoi-turista-egyesulet.eu\/?page_id=155\" class=\"more-link\">Continue reading <span class=\"screen-reader-text\">Kopjafa avat\u00e1sok<\/span> <span class=\"meta-nav\">&rarr;<\/span><\/a><\/p>\n","protected":false},"author":1,"featured_media":0,"parent":0,"menu_order":1,"comment_status":"closed","ping_status":"closed","template":"","meta":{"footnotes":""},"class_list":["post-155","page","type-page","status-publish","hentry"],"_links":{"self":[{"href":"https:\/\/brassoi-turista-egyesulet.eu\/index.php?rest_route=\/wp\/v2\/pages\/155","targetHints":{"allow":["GET"]}}],"collection":[{"href":"https:\/\/brassoi-turista-egyesulet.eu\/index.php?rest_route=\/wp\/v2\/pages"}],"about":[{"href":"https:\/\/brassoi-turista-egyesulet.eu\/index.php?rest_route=\/wp\/v2\/types\/page"}],"author":[{"embeddable":true,"href":"https:\/\/brassoi-turista-egyesulet.eu\/index.php?rest_route=\/wp\/v2\/users\/1"}],"replies":[{"embeddable":true,"href":"https:\/\/brassoi-turista-egyesulet.eu\/index.php?rest_route=%2Fwp%2Fv2%2Fcomments&post=155"}],"version-history":[{"count":14,"href":"https:\/\/brassoi-turista-egyesulet.eu\/index.php?rest_route=\/wp\/v2\/pages\/155\/revisions"}],"predecessor-version":[{"id":826,"href":"https:\/\/brassoi-turista-egyesulet.eu\/index.php?rest_route=\/wp\/v2\/pages\/155\/revisions\/826"}],"wp:attachment":[{"href":"https:\/\/brassoi-turista-egyesulet.eu\/index.php?rest_route=%2Fwp%2Fv2%2Fmedia&parent=155"}],"curies":[{"name":"wp","href":"https:\/\/api.w.org\/{rel}","templated":true}]}}

Kopjafa avatások

<p>2010 március 15-én, a Nyergestetőn kopjafát állítottunk az 1849-ban elesett <strong>HŐSÖKNEK</strong> az emlékére és megkoszorúztuk az emlékművet, majd a kopjafa felszentelésére került sor.</p>
<p>[nggallery id=4]</p>
<p>[nggallery id=5]</p>
<p data-textformat="{&quot;type&quot;:&quot;text&quot;}">2013 június 9-én, vasárnap <strong>SZÉKELY GÉZÁNAK</strong>  állítottunk  kopjafát a postaréti katolikus temetőben. A kopjafát Ciprian tisztelendő úr szentelte fel.</p>
<p data-textformat="{&quot;type&quot;:&quot;text&quot;}"><strong>SZÉKELY GÉZA</strong> Brassóba született, a hajdani <strong>Brassói Turista Egyesület</strong> turista titkára. Elsőként írta le magyar nyelven a Nagykőhavast,  a <strong>BRASSÓI TURISTA</strong>  az <strong>ERDÉLYI TURISTA</strong>, és a <strong>BRASSÓI LAPOK</strong> szerkesztője. Sí oktató, csíkszeredai barátjával, Vámszer Gézával létrehozzák a<strong> Brassói Turista Egyesület</strong> csíki osztályát. Brassói tevékenységeit még tovább sorolhatnánk.</p>
<p data-textformat="{&quot;type&quot;:&quot;text&quot;}">1940-ben, Csíkszeredába költözött. <strong>A Csíkszéki EKE</strong>  ügyvezetője, <strong>Csíkvármegye</strong> honismertető leírása 10.000 példányban jelent meg. A további tevékenységeiről több oldalt lehetne írni.<strong> A Nagykőhavas II.</strong>  kiadásában  részletesebb leírást találunk.</p>
<p data-textformat="{&quot;type&quot;:&quot;text&quot;}">[nggallery id=8]</p>
<p data-textformat="{&quot;type&quot;:&quot;text&quot;}">2013 szeptember 11-én, szerdán <strong>Halász Gyula</strong>  kopjafáját avattuk fel a postaréti katolikus temetőben, születésének 142-ik évfordulójára.</p>
<p data-textformat="{&quot;type&quot;:&quot;text&quot;}">Eredetileg a kopjafát, születésének a 140-ik évfordulójára szántuk, 2011 szeptember 11-re, születésnapjára. A kopjafa nem készült el, a  kopjafa faragó hozzá se fogott, ezért más faragót kellett keresnünk. Végül egy szentgyörgyi faragó készítette el a tél beálltára. Éppen csak fel tudtuk állítani. 2012-ben  kellett volna felavatni, de az egyesületben felmerült problémák miatt erre nem került sor, ezért maradt 2013-ra.</p>
<p data-textformat="{&quot;type&quot;:&quot;text&quot;}"><strong>HALÁSZ GYULA</strong> író, az 1893-ban, alakult <strong>brassói EKE</strong> fiók osztály-elnöke. Elnöksége alatt két turistaházat avatnak a Nagykő-havason. Trianon után az új államhatalom az EKE jogi személyiségét nem ismeri el és ezért  1927-bn <strong>Brassói Turista Egyesület</strong> név alatt törvényesítik. Az elnök továbbra is <strong>Halász Gyula</strong> marad. Elnöksége alatt egy kis turistaház épül, de rövidesen felépül a nagy turistaszálló a Nagykőhavason. Ez a legnagyobb érdeme.</p>
<p data-textformat="{&quot;type&quot;:&quot;text&quot;}">[nggallery id=11]</p>
<p data-textformat="{&quot;type&quot;:&quot;text&quot;}"><strong>13 kopjafa Sepsiszentgyörgyön</strong></p>
<p data-textformat="{&quot;type&quot;:&quot;text&quot;}">2013 Október 12-én, szombaton Sepsiszentgyörgyre kirándultunk. A város egy újabb kegyhellyel gazdagodott. 2013 október 6-án állították fel az aradi vértanúk  emlékét idéző 13 kopjafát. A kopjafánál a vértanúkra emlékeztünk, fejhajtással tisztelegtünk és egy koszorút helyeztünk el, majd kirándulni mentünk a közeli hegyhátra.</p>
<p data-textformat="{&quot;type&quot;:&quot;text&quot;}">Az újságban közölt képen csak 12 kopjafa látszik,  ezt a hiányt most potoljuk.</p>
<p data-textformat="{&quot;type&quot;:&quot;text&quot;}">[nggallery id=6]</p>
<p data-textformat="{&quot;type&quot;:&quot;text&quot;}">Október 10-én csütörtökön, <strong>Kisborosnyó – Nagypatak- Várnica</strong> útvonalon kirándultunk.</p>
<p data-textformat="{&quot;type&quot;:&quot;text&quot;}"><strong>Kisborosnyón </strong> a kopjafa kertet szemléltük meg. Történelmi Emlékhely. <strong>SISSY HÁRSFA – KÖRÖND.</strong></p>
<p data-textformat="{&quot;type&quot;:&quot;text&quot;}">[nggallery id=7]</p>
<p>Majd a Várnicára kirándultunk, gyönyörű őszi kirándulásban volt részünk</p>

<p>2010 március 15-én, a Nyergestetőn kopjafát állítottunk az 1849-ban elesett HŐSÖKNEK az emlékére és megkoszorúztuk az emlékművet, majd a kopjafa felszentelésére került sor. [nggallery id=4] [nggallery id=5] 2013 június 9-én, vasárnap SZÉKELY GÉZÁNAK  állítottunk  kopjafát a postaréti katolikus temetőben. A kopjafát Ciprian tisztelendő úr szentelte fel. SZÉKELY GÉZA Brassóba született, a hajdani Brassói Turista Egyesület &hellip; <a href="https://brassoi-turista-egyesulet.eu/?page_id=155" class="more-link">Continue reading <span class="screen-reader-text">Kopjafa avatások</span> <span class="meta-nav">&rarr;</span></a></p>
