{"id":1980,"date":"2021-05-28T21:49:56","date_gmt":"2021-05-28T18:49:56","guid":{"rendered":"http:\/\/brassoi-turista-egyesulet.eu\/?page_id=1980"},"modified":"2021-05-28T21:53:11","modified_gmt":"2021-05-28T18:53:11","slug":"doktor-szikszay-jeno","status":"publish","type":"page","link":"https:\/\/brassoi-turista-egyesulet.eu\/?page_id=1980","title":{"rendered":"Doktor Szikszay Jen\u0151"},"content":{"rendered":"<div>[singlepic id=6123 w=640 h=480 float=center]<\/div>\n<div><span style=\"display:block;clear:both;height: 0px;padding-top: 20px;\"><\/span><\/div>\n<div><span style=\"display:block;clear:both;height: 0px;padding-top: 20px;\"><\/span><\/div>\n<div>[singlepic id=6125 w=640 h=480 float=center]<\/div>\n<div><\/div>\n<div>El\u00f6lj\u00e1r\u00f3ban, a volt magyar szakos tan\u00e1runkr\u00f3l\u00a0<b>dr. Szikszay Jen\u0151r\u0151l\u00a0\u00a0<\/b>elm\u00e9kez\u00fcnk meg.<\/div>\n<div><b>Dr. Szikszay Jen\u0151<\/b>\u00a0<b>1921 okt\u00f3ber 19-\u00e9n sz\u00fcletett, 56 \u00e9ves kor\u00e1ban hunyt el 1977 \u00e1prilis 11-\u00e9n. Foglalkoz\u00e1sa, magyar szakos tan\u00e1r, irodalom t\u00f6rt\u00e9n\u00e9sz. Az \u00c1prily Lajos F\u0151gimn\u00e1zium magyar tan\u00e1ra volt.\u00a0<\/b>Az akkori kommunista rendszer r\u00f3sz szemmel n\u00e9zte, magyar tan\u00e1rs\u00e1ga miatt. Semmi rosszat nem k\u00f6vetett el, csup\u00e1n a k\u00f6teless\u00e9geit tejes\u00edtette mint magyar tan\u00e1r, ez f\u00e1jt az akkori rendszernek, t\u00f6bbsz\u00f6r beid\u00e9zte a titkos rend\u0151rs\u00e9g. Megf\u00e9leml\u00edtett\u00e9k, \u00fcld\u00f6zt\u00e9k, titokzatosan hunyt el, amiben az ellens\u00e9gei keze benne volt.<\/div>\n<div>N\u00e1la a magyar \u00f3r\u00e1k azzal kezd\u0151d\u00f6tt, hogy a di\u00e1kokkal egy n\u00e9pdalt \u00e9nekeltetett el. A legkedveltebb \u00e9neke:\u00a0<b>&#8220;R\u00e1m\u00e1s csizm\u00e1t visel a bab\u00e1m&#8221;&#8230;.\u00a0<\/b>\u00a0Aki megtanult 10\u00a0<b>Pet\u0151fi S\u00e1ndor\u00a0<\/b>verset az kapott egy t\u00edzest. Mint irodalmi t\u00f6rt\u00e9n\u00e9sz sokszor figyelmeztetett arra, hogy nem minden van \u00fagy, ahogy a k\u00f6nyv \u00edrja. A sz\u00fcl\u00f6k feljelentett\u00e9k.\u00a0 Mint oszt\u00e1lyf\u0151n\u00f6k\u00a0<b>1976-ban\u00a0<\/b>tartotta az utols\u00f3 \u00e9retts\u00e9gi tal\u00e1lkoz\u00f3t\u00a0\u00a0<b>Brass\u00f3ban m\u00e1jus 23-\u00e1n, az \u00c1prily Lajos F\u0151gimn\u00e1ziumban. Ez volt az utols\u00f3 tal\u00e1lkoz\u00f3ja a di\u00e1kokkal. Senkit nem b\u00e1ntott. J\u00f3 indulat\u00fa, kedves tan\u00e1r volt,<\/b>\u00a0<b>nagyon szerett\u00fck. A postar\u00e9ti temet\u0151ben alussza \u00f6r\u00f6k \u00e1lm\u00e1t a k\u00e9t fia mellett,\u00a0 nyugalma legyen csendes, eml\u00e9ke \u00e1ldott.\u00a0\u00a0<\/b><\/div>\n<div><\/div>\n<div>\n<div><b>Sipos Lajos\u00a0<\/b>magyar szakos tan\u00e1r\u00a0<b>dr. Szikszay Jen\u0151 tan\u00edtv\u00e1nya<\/b>\u00a0volt az\u00a0\u00a0<b>\u00c1prily Lajos F\u0151gimn\u00e1ziumban.\u00a0<\/b>\u00a0A most m\u00e1r nyugd\u00edjas\u00a0\u00a0<b>Sipos Lajos\u00a0<\/b>kb.\u00a0<b>2010-ben,<\/b>\u00a0kezdem\u00e9nyezte, hogy az iskol\u00e1ban \u00e1ll\u00edtsanak ki egy\u00a0<b>Szikszay eml\u00e9ket.\u00a0<\/b>Felvette a kapcsolatot az\u00a0<b>1960-ban\u00a0<\/b>v\u00e9gzett n\u00f6vend\u00e9kekkel\u00a0\u00a0\u00e9s elk\u00e9sz\u00edtett\u00e9k az eml\u00e9k t\u00e1bl\u00e1t,\u00a0<b>Oprisr\u00f3l \u00e9s Szikszay-r\u00f3l.\u00a0 Az iskola akkori igazgat\u00f3s\u00e1ga megtagadta az eml\u00e9kt\u00e1bla kihelyez\u00e9s\u00e9t az iskol\u00e1ban. Sok huzavona, meg sz\u00f3v\u00e1l\u00e1s ut\u00e1n, csak 2013-ban enged\u00e9lyezte az igazgat\u00f3s\u00e1g t\u00e1bla kihelyez\u00e9s\u00e9t az iskol\u00e1ban a f\u0151bej\u00e1rati ajt\u00f3\u00a0 m\u00f6g\u00f6tt a falon. Ciprian magyarul is j\u00f3l besz\u00e9l\u0151 katolikus pap szentelte f\u0151l az eml\u00e9kt\u00e1bl\u00e1t.\u00a0<\/b><\/div>\n<div>A\u00a0<b>BTE\u00a0<\/b>t\u00e1mogatta\u00a0<b>Sipos Lajost\u00a0<\/b>mint az egyes\u00fclet kult\u00fa-felel\u0151s\u00e9t, \u00e9s a t\u00fara hirdet\u00e9s keret\u00e9n, hirdette az avat\u00e1si \u00fcnnep\u00e9lyt, mivel a Brass\u00f3i Lapok-ban\u00a0 nem jelent meg ez a \u00fcnnep\u00e9ly. A\u00a0<b>BTE\u00a0<\/b>hirdet\u00e9s\u00e9re gy\u0171ltek \u00f6ssze egy p\u00e1ran.<\/div>\n<div><b>Elgondolkoztat\u00f3 az a t\u00e9ny, hogy az iskola igazgat\u00f3s\u00e1ga \u00e9s tan\u00e1ri kara r\u00e9sz\u00e9r\u0151l senki-se jelent meg az avat\u00e1si \u00fcnnep\u00e9lyen? De m\u00e9gis volt egy becs\u00fcletes szem\u00e9ly, aki megadta a tiszteletet a sokat szenved\u0151 tan\u00e1rnak \u00e9s r\u00e9szt vett az \u00fcnnep\u00e9lyen, ez nem volt m\u00e1s mint az iskola gondnoka.<\/b>\u00a0<b>\u00a0\u00a0<\/b><\/div>\n<div><b>Az avat\u00e1son k\u00e9sz\u00fclt k\u00e9pek.<\/b><\/div>\n<div><b><span style=\"display:block;clear:both;height: 0px;padding-top: 20px;\"><\/span><\/b><\/div>\n<div>[nggallery id=441]<\/div>\n<div><span style=\"display:block;clear:both;height: 0px;padding-top: 20px;\"><\/span><\/div>\n<\/div>\n<div><b>\u00a0<\/b><\/div>\n<div><\/div>\n","protected":false},"excerpt":{"rendered":"<p>[singlepic id=6123 w=640 h=480 float=center] [singlepic id=6125 w=640 h=480 float=center] El\u00f6lj\u00e1r\u00f3ban, a volt magyar szakos tan\u00e1runkr\u00f3l\u00a0dr. Szikszay Jen\u0151r\u0151l\u00a0\u00a0elm\u00e9kez\u00fcnk meg. Dr. Szikszay Jen\u0151\u00a01921 okt\u00f3ber 19-\u00e9n sz\u00fcletett, 56 \u00e9ves kor\u00e1ban hunyt el 1977 \u00e1prilis 11-\u00e9n. Foglalkoz\u00e1sa, magyar szakos tan\u00e1r, irodalom t\u00f6rt\u00e9n\u00e9sz. Az \u00c1prily Lajos F\u0151gimn\u00e1zium magyar tan\u00e1ra volt.\u00a0Az akkori kommunista rendszer r\u00f3sz szemmel n\u00e9zte, magyar tan\u00e1rs\u00e1ga miatt. &hellip; <a href=\"https:\/\/brassoi-turista-egyesulet.eu\/?page_id=1980\" class=\"more-link\">Continue reading <span class=\"screen-reader-text\">Doktor Szikszay Jen\u0151<\/span> <span class=\"meta-nav\">&rarr;<\/span><\/a><\/p>\n","protected":false},"author":1,"featured_media":0,"parent":0,"menu_order":0,"comment_status":"closed","ping_status":"closed","template":"","meta":{"footnotes":""},"class_list":["post-1980","page","type-page","status-publish","hentry"],"_links":{"self":[{"href":"https:\/\/brassoi-turista-egyesulet.eu\/index.php?rest_route=\/wp\/v2\/pages\/1980","targetHints":{"allow":["GET"]}}],"collection":[{"href":"https:\/\/brassoi-turista-egyesulet.eu\/index.php?rest_route=\/wp\/v2\/pages"}],"about":[{"href":"https:\/\/brassoi-turista-egyesulet.eu\/index.php?rest_route=\/wp\/v2\/types\/page"}],"author":[{"embeddable":true,"href":"https:\/\/brassoi-turista-egyesulet.eu\/index.php?rest_route=\/wp\/v2\/users\/1"}],"replies":[{"embeddable":true,"href":"https:\/\/brassoi-turista-egyesulet.eu\/index.php?rest_route=%2Fwp%2Fv2%2Fcomments&post=1980"}],"version-history":[{"count":3,"href":"https:\/\/brassoi-turista-egyesulet.eu\/index.php?rest_route=\/wp\/v2\/pages\/1980\/revisions"}],"predecessor-version":[{"id":1985,"href":"https:\/\/brassoi-turista-egyesulet.eu\/index.php?rest_route=\/wp\/v2\/pages\/1980\/revisions\/1985"}],"wp:attachment":[{"href":"https:\/\/brassoi-turista-egyesulet.eu\/index.php?rest_route=%2Fwp%2Fv2%2Fmedia&parent=1980"}],"curies":[{"name":"wp","href":"https:\/\/api.w.org\/{rel}","templated":true}]}}

Doktor Szikszay Jenő

<div>[singlepic id=6123 w=640 h=480 float=center]</div>
<div><span style="display:block;clear:both;height: 0px;padding-top: 20px;"></span></div>
<div><span style="display:block;clear:both;height: 0px;padding-top: 20px;"></span></div>
<div>[singlepic id=6125 w=640 h=480 float=center]</div>
<div></div>
<div>Elöljáróban, a volt magyar szakos tanárunkról <b>dr. Szikszay Jenőről  </b>elmékezünk meg.</div>
<div><b>Dr. Szikszay Jenő</b> <b>1921 október 19-én született, 56 éves korában hunyt el 1977 április 11-én. Foglalkozása, magyar szakos tanár, irodalom történész. Az Áprily Lajos Főgimnázium magyar tanára volt. </b>Az akkori kommunista rendszer rósz szemmel nézte, magyar tanársága miatt. Semmi rosszat nem követett el, csupán a kötelességeit tejesítette mint magyar tanár, ez fájt az akkori rendszernek, többször beidézte a titkos rendőrség. Megfélemlítették, üldözték, titokzatosan hunyt el, amiben az ellenségei keze benne volt.</div>
<div>Nála a magyar órák azzal kezdődött, hogy a diákokkal egy népdalt énekeltetett el. A legkedveltebb éneke: <b>&#8220;Rámás csizmát visel a babám&#8221;&#8230;. </b> Aki megtanult 10 <b>Petőfi Sándor </b>verset az kapott egy tízest. Mint irodalmi történész sokszor figyelmeztetett arra, hogy nem minden van úgy, ahogy a könyv írja. A szülök feljelentették.  Mint osztályfőnök <b>1976-ban </b>tartotta az utolsó érettségi találkozót  <b>Brassóban május 23-án, az Áprily Lajos Főgimnáziumban. Ez volt az utolsó találkozója a diákokkal. Senkit nem bántott. Jó indulatú, kedves tanár volt,</b> <b>nagyon szerettük. A postaréti temetőben alussza örök álmát a két fia mellett,  nyugalma legyen csendes, emléke áldott.  </b></div>
<div></div>
<div>
<div><b>Sipos Lajos </b>magyar szakos tanár <b>dr. Szikszay Jenő tanítványa</b> volt az  <b>Áprily Lajos Főgimnáziumban. </b> A most már nyugdíjas  <b>Sipos Lajos </b>kb. <b>2010-ben,</b> kezdeményezte, hogy az iskolában állítsanak ki egy <b>Szikszay emléket. </b>Felvette a kapcsolatot az <b>1960-ban </b>végzett növendékekkel  és elkészítették az emlék táblát, <b>Oprisról és Szikszay-ról.  Az iskola akkori igazgatósága megtagadta az emléktábla kihelyezését az iskolában. Sok huzavona, meg szóválás után, csak 2013-ban engedélyezte az igazgatóság tábla kihelyezését az iskolában a főbejárati ajtó  mögött a falon. Ciprian magyarul is jól beszélő katolikus pap szentelte fől az emléktáblát. </b></div>
<div>A <b>BTE </b>támogatta <b>Sipos Lajost </b>mint az egyesület kultú-felelősét, és a túra hirdetés keretén, hirdette az avatási ünnepélyt, mivel a Brassói Lapok-ban  nem jelent meg ez a ünnepély. A <b>BTE </b>hirdetésére gyűltek össze egy páran.</div>
<div><b>Elgondolkoztató az a tény, hogy az iskola igazgatósága és tanári kara részéről senki-se jelent meg az avatási ünnepélyen? De mégis volt egy becsületes személy, aki megadta a tiszteletet a sokat szenvedő tanárnak és részt vett az ünnepélyen, ez nem volt más mint az iskola gondnoka.</b> <b>  </b></div>
<div><b>Az avatáson készült képek.</b></div>
<div><b><span style="display:block;clear:both;height: 0px;padding-top: 20px;"></span></b></div>
<div>[nggallery id=441]</div>
<div><span style="display:block;clear:both;height: 0px;padding-top: 20px;"></span></div>
</div>
<div><b> </b></div>
<div></div>

<p>[singlepic id=6123 w=640 h=480 float=center] [singlepic id=6125 w=640 h=480 float=center] Elöljáróban, a volt magyar szakos tanárunkról dr. Szikszay Jenőről  elmékezünk meg. Dr. Szikszay Jenő 1921 október 19-én született, 56 éves korában hunyt el 1977 április 11-én. Foglalkozása, magyar szakos tanár, irodalom történész. Az Áprily Lajos Főgimnázium magyar tanára volt. Az akkori kommunista rendszer rósz szemmel nézte, magyar tanársága miatt. &hellip; <a href="https://brassoi-turista-egyesulet.eu/?page_id=1980" class="more-link">Continue reading <span class="screen-reader-text">Doktor Szikszay Jenő</span> <span class="meta-nav">&rarr;</span></a></p>
