{"id":733,"date":"2015-08-26T12:00:23","date_gmt":"2015-08-26T09:00:23","guid":{"rendered":"http:\/\/brassoi-turista-egyesulet.eu\/?page_id=733"},"modified":"2021-02-08T21:17:44","modified_gmt":"2021-02-08T18:17:44","slug":"arpad-szobor","status":"publish","type":"page","link":"https:\/\/brassoi-turista-egyesulet.eu\/?page_id=733","title":{"rendered":"\u00c1rp\u00e1d szobor"},"content":{"rendered":"<p><strong>Az 1896 okt\u00f3ber 18-\u00e1n, 119 \u00e9ve a Cenk tet\u0151n felavatott\u00a0<\/strong><\/p>\n<p><strong>\u00a0\u00a0\u00a0\u00a0\u00a0\u00a0\u00a0\u00a0\u00a0 \u00a0\u00a0\u00a0\u00a0\u00a0\u00a0\u00a0\u00a0\u00a0\u00a0\u00a0\u00a0\u00a0\u00a0\u00a0\u00a0\u00a0\u00a0\u00a0\u00a0\u00a0\u00a0\u00a0\u00a0\u00a0\u00a0 \u00c1rp\u00e1d- szoborra eml\u00e9kez\u00fcnk,<\/strong><\/p>\n<p><strong>\u00a0\u00a0\u00a0\u00a0\u00a0\u00a0\u00a0\u00a0\u00a0\u00a0\u00a0\u00a0\u00a0\u00a0\u00a0\u00a0\u00a0\u00a0 \u00a0 amelyet\u00a0 az eml\u00edtett \u00e9v augusztus\u00e1ban \u00e1ll\u00edtottak fel.<\/strong><\/p>\n<p><strong>\u00a0<\/strong><\/p>\n<p><strong>\u00a0\u00a0\u00a0\u00a0\u00a0\u00a0\u00a0\u00a0\u00a0 E felrobbantott, elpuszt\u00edtott\u00a0 milleniumi eml\u00e9km\u0171re, amely a k\u00f6ztudatban \u00c1rp\u00e1d-szobor n\u00e9ven ismeretes, a brass\u00f3i magyars\u00e1g sz\u00edv\u00e9be z\u00e1rta \u00e9s szeretettel eml\u00e9kezik r\u00e1.\u00a0 A val\u00f3s\u00e1gban elpuszt\u00edtott\u00e1k e remek m\u0171vet, de a magyar lelkekben \u00f6r\u00f6kk\u00e9 \u00e9lni fog.\u00a0 A Cenkre kir\u00e1ndul\u00f3 magyars\u00e1g felt\u00e9tlen\u00fcl felkeresi azt a helyet ahol a szobor \u00e1llt, \u00e9s elhangzik:\u00a0 Itt \u00e1llt az \u00c1RP\u00c1D-SZOBOR ! A szobor ir\u00e1nti szeretett \u00f6r\u00f6k.<\/strong><\/p>\n<p><strong>\u00a0<\/strong><\/p>\n<p>Az 1893-ban alakult brass\u00f3i Erd\u00e9lyi K\u00e1rp\u00e1t Egyes\u00fclet is nagy tiszteletben tartotta a brass\u00f3i magyars\u00e1gnak ezt a remek m\u0171v\u00e9t. Ezt t\u00fckr\u00f6zi az <strong>\u201eERD\u00c9LY\u201d 1907. 9 \u2013 10. <\/strong>sz\u00e1m\u00e1ban megjelent k\u00f6zlem\u00e9ny.<\/p>\n<p><strong>Az Erd\u00e9lyi K\u00e1rp\u00e1t-Egyes\u00fclet \u00c1rp\u00e1d-\u00fcnnepe.<\/strong><\/p>\n<p><strong>\u00a0\u00a0\u00a0\u00a0\u00a0\u00a0\u00a0\u00a0\u00a0 <\/strong><strong>Brass\u00f3ban. <\/strong>Az Erd\u00e9lyi K\u00e1rp\u00e1t Egyes\u00fclet brass\u00f3i oszt\u00e1ly\u00e1nak egyetlen h\u00edv\u00f3 szav\u00e1ra talpra \u00e1llott Brass\u00f3 v\u00e1ros eg\u00e9sz magyars\u00e1ga.<\/p>\n<p>Egym\u00e1sut\u00e1n vonultak fel leng\u0151 lobog\u00f3kkal a magyars\u00e1g minden r\u00e9teg\u00e9nek k\u00e9pviseletei. A v\u00e1rmegye f\u0151isp\u00e1nj\u00e1t, gr\u00f3f Mikes Zsigmondot, aki egy\u00fattal a korm\u00e1nyt is k\u00e9pviselte, az \u00f6sszes \u00e1llami hivatalok fejei \u00e9s k\u00fcld\u00f6ttei, tov\u00e1bb\u00e1 sz\u00e1sz megyei \u00e9s v\u00e1rosi el\u0151kel\u0151 urak k\u00f6vett\u00e9k, k\u00f6zt\u00fck Hiemesch\u00a0 Ferenc polg\u00e1rmester, ki nemcsak maga vett r\u00e9szt az \u00fcnnepen, de a v\u00e1rosi zenekart is k\u00e9szs\u00e9ggel bocs\u00e1totta a rendez\u0151s\u00e9g rendelkez\u00e9s\u00e9re s a mill\u00e9niumi eml\u00e9k k\u00f6rny\u00e9k\u00e9t is \u00fcnnepi d\u00edszben \u00f6lt\u00f6ztette.<\/p>\n<p>Gy\u00f6ny\u00f6r\u0171 k\u00e9p volt az, mikor a tan\u00e1csh\u00e1z ter\u00e9n \u00f6sszegy\u0171lt t\u00f6bb ezernyi magyar. A sz\u00e1szok \u00e9s rom\u00e1nok \u00e9l\u00e9nk \u00e9rdekl\u0151d\u00e9se mellett d. u. 2 \u00f3rakor zenesz\u00f3val a legnagyobb rendben \u00e9s fegyelmezetts\u00e9ggel megindult. A Cenk-tet\u0151re val\u00f3 f\u00f6lvonul\u00e1s az iskol\u00e1k \u00e9s test\u00fcletek r\u00e9szv\u00e9tel\u00e9vel m\u00e1sf\u00e9l \u00f3r\u00e1ig tartott.<\/p>\n<p>Fenn az eml\u00e9k k\u00f6r\u00fcl s alatta a hegy nyerg\u00e9n s szikl\u00e1kon \u00fcnnepl\u0151 sokas\u00e1g tark\u00e1llott, k\u00e1pr\u00e1zatos k\u00e9pet ny\u00fajtva, mintha egy \u00faj h\u00f3d\u00edt\u00f3 sereg foglaln\u00e1 el az erd\u0151 koszor\u00fazta b\u00e9rceket. A r\u00f6vid megnyit\u00f3 besz\u00e9d ut\u00e1n, melyet <strong>Hal\u00e1sz Gyula <\/strong>f\u0151re\u00e1l iskolai tan\u00e1r az EKE Brass\u00f3 megyei oszt\u00e1ly\u00e1nak eln\u00f6ke mondott, a Brass\u00f3i Magyar Dal\u00e1rda \u00e1ltal \u00e9nekelt Himnuszt az ezernyi sokas\u00e1g levett kalappal zengte tov\u00e1bb s a gy\u00f6ny\u00f6r\u0171 im\u00e1ds\u00e1got a havasok b\u00e9rcei visszhangozt\u00e1k. A hazafias h\u00e9v fokoz\u00f3dott mikor dr. Zakari\u00e1s J\u00e1nos orsz\u00e1gos k\u00e9pvisel\u0151, az EKE k\u00f6zpont aleln\u00f6ke, a brass\u00f3i magyars\u00e1gnak \u00e9s sz\u00e9kely n\u00e9pnek ez a lelkes, odaad\u00f3 vezet\u0151 f\u00e9rfia mondotta el megragad\u00f3an a sz\u00e9p, tartalmas \u00fcnnepi besz\u00e9d\u00e9t, mely a honfoglal\u00e1s f\u00f6ns\u00e9ges esem\u00e9ny\u00e9t a mai neh\u00e9z elhat\u00e1roz\u00f3, de gy\u0151zelemmel biztat\u00f3 k\u00fczdelemmel kapcsolta \u00f6ssze. Mindenkit fel\u00fclm\u00falt azonban hat\u00e1sban F\u00e1i Fl\u00f3r\u00e1nak, a kassai sz\u00ednt\u00e1rsulat m\u0171v\u00e9szn\u0151j\u00e9nek szavalata. Lehetetlen le\u00edrni azt az er\u0151t, hev\u00fcletet, m\u00e1mort, \u00e1t szellem\u0171s\u00e9get, mellyel az \u201e\u00c1rp\u00e1di s\u00edri \u00e1lm\u00e1t\u201d, ezt a t\u00fczes, lobog\u00f3 rabsz\u00f3di\u00e1t f\u00f6nn a magass\u00e1gban, mindenkit megihletve\u00a0 \u00e9s megb\u0171v\u00f6lve, elszavalta s amellyel t\u00f6megeket tudta csat\u00e1ba vinni a szabads\u00e1g\u00e9rt, a haz\u00e1\u00e9rt. \u2026 A f\u0151isp\u00e1nnak a nemzeti korm\u00e1ny nev\u00e9ben letett koszor\u00faja s a k\u00edv\u00e1ns\u00e1ga, <strong>\u00a0hogy Brass\u00f3 v\u00e1rosa f\u00f6l\u00f6tt \u00c1rp\u00e1d szelleme uralkodj\u00e9k, <\/strong>nem maradt hat\u00e1s n\u00e9lk\u00fcl&#8230;.<\/p>\n<p>A brass\u00f3i magyars\u00e1g csakugyan nem \u00fcnnepelt m\u00e9g olyan sz\u00e9pen, egyet\u00e9rt\u00e9sen, harmonikusan, mint azon az \u00fcnnepen, melyet az EKE brass\u00f3i oszt\u00e1ly\u00e1nak lehet \u00e9rdem\u00fcl betudni.<\/p>\n<p>&nbsp;<\/p>\n<p><strong>Az 1991-ben \u00fajra alakult brass\u00f3i EKE<\/strong>, az \u00e9vek folyam\u00e1n t\u00f6bbsz\u00f6r szervezett kir\u00e1ndul\u00e1st a Cenkre \u00e9s mindig megeml\u00e9keztek azon a helyen ahol \u00c1rp\u00e1d eml\u00e9km\u0171ve \u00e1llt.<\/p>\n<p>Az 1991-ben, \u00fajraalakult brass\u00f3i EKE -nek \u00e9rdemei is voltak az \u00c1rp\u00e1d eml\u00e9km\u0171vel kapcsolatban. Tudott dolog, hogy a felrobbantott szobor maradv\u00e1nyai a Brass\u00f3i T\u00f6rt\u00e9nelmi M\u00fazeumban ker\u00fclt, amir\u0151l mindenki megfeledkezett.<\/p>\n<p><strong>Az 1907-ben tartott \u00c1rp\u00e1d-szobor \u00fcnnep\u00e9lyen, a f\u0151isp\u00e1nnak a koszor\u00faz\u00e1s ut\u00e1n\u00a0 az volt a k\u00edv\u00e1ns\u00e1ga, \u201eHogy Brass\u00f3 v\u00e1rosa f\u00f6l\u00f6tt \u00c1rp\u00e1d szelleme uralkodj\u00e9k\u201d<\/strong><\/p>\n<p>Ez valamennyire beteljesedett. Az 1913-ban felrobbantott \u00c1rp\u00e1d-szobor majdnem 100 \u00e9vre\u00a0 kiszabadult fogs\u00e1gb\u00f3l egy v\u00e9letlen, EKE kir\u00e1ndul\u00e1s sor\u00e1n.<\/p>\n<p>Az 1991-ben, \u00fajraalakult brass\u00f3i EKE t\u00fara f\u00fczet\u00e9b\u0151l a k\u00f6vetkez\u0151 t\u00far\u00e1t k\u00f6z\u00f6lj\u00fck:<\/p>\n<p>1999 december 4. Toanches-t\u00fara. A t\u00fara \u00fatvonala: Zernest \u2013 Macska-szoros \u2013 Toanches-cs\u00fas (1536 m.) &#8211; Pe\u015ftera \u2013 M\u0103gura \u2013 Botorog-csorg\u00f3 \u2013 Zernest.<\/p>\n<p>T\u00faravezet\u0151k: <strong>Szotyory Gy\u00f6rgy \u00e9s Bara J\u00f3zsef.<\/strong><\/p>\n<p>R\u00e9sztvev\u0151k: <strong>Gordon Veronika, <\/strong>M\u00e1rkos M\u00e1ria, Farkas J\u00f3zsef, N\u00e1dudvari M\u00e1ria \u00e9s \u00d6rs, So\u00f3s G\u00e1bor \u00e9s Ibolya, F\u00fcl\u00f6p Margit, Szentner J\u00f3zsef, Gr\u00e9p\u00e1ly M\u00e1ria, F\u0171zi Aliz, Mih\u00e1ly Melinda, Chiriac Simona, Firestreiu Anfita \u00e9s Sz\u00e1sz Sz\u00f6r\u00e9ny. \u00d6sszesen 17 szem\u00e9ly.<\/p>\n<p>Hazafel\u00e9 j\u00f6vet, <strong>Gordon Veronica <\/strong>(tagja az EKE-nek) hunyadr\u00f3l\u00a0 sz\u00e1rmaz\u00f3, magyarul is j\u00f3l besz\u00e9l\u0151 rom\u00e1n h\u00f6lgy <strong>Szotyory Gy\u00f6rgynek <\/strong>elmondta, hogy a brass\u00f3i m\u00fazeum rakt\u00e1r\u00e1ban restaur\u00e1tor \u00e9s ott van egy szobornak a feje. \u00dagy van lelt\u00e1rban v\u00e9ve, hogy a cenki szobor fejr\u00e9sze. Megh\u00edvott a rakt\u00e1rban, ha \u00e9rdekel minket \u00e9s n\u00e9zz\u00fck meg.\u00a0 Az EKE eln\u00f6ke <strong>Szotyory Gy\u00f6rgy <\/strong>elfogadta\u00a0 a megh\u00edv\u00e1st \u00e9s jelentkezett\u00a0 <strong>Gordon Veronik\u00e1n\u00e1l .<\/strong><\/p>\n<p>Nagyon kedvesen fogadott \u00e9s 5 perc alatt el\u00e9nkbe tette az \u00c1rp\u00e1d-szobor fejr\u00e9sz\u00e9t. Szotyory Gy\u00f6rgy ott a sz\u00e9ken k\u00e9t fot\u00f3t k\u00e9sz\u00edtett a fejr\u0151l, ami a Brass\u00f3i Lapokban is megjelent.\u00a0 A m\u00fazeum igazgat\u00f3ja elmondta, hogy van lehet\u0151s\u00e9g arra, hogy a fejr\u00e9szt kiadj\u00e1k \u00e9s egy megfelel\u0151, biztons\u00e1gos helyen tegy\u00e9k l\u00e1that\u00f3v\u00e1. A fejr\u00e9sz kiv\u00e1lt\u00e1s\u00e1t a rakt\u00e1rb\u00f3l <strong>Szente L\u00e1szl\u00f3<\/strong> \u00e9p\u00edt\u00e9sz\u00a0 int\u00e9zte el. A szobor fejet a brass\u00f3i Evang\u00e9likus Egyh\u00e1zban \u00e1ll\u00edtott\u00e1k ki. Ezek szerint az \u00c1rp\u00e1d-szobor kiszabadult fogs\u00e1g\u00e1b\u00f3l, f\u00f6nix mad\u00e1r m\u00f3dj\u00e1ra felt\u00e1madt \u00e9s \u00fajra diadalmaskodik Brass\u00f3ban. Egy szoborn\u00e1l nem a testr\u00e9sz vagy az \u00e1llv\u00e1ny amin \u00e1ll a l\u00e9nyeg, hanem a fej\u00a0 \u00e9s ez megvan. Az, hogy a Cenk tet\u0151n, vagy egy templomban van ki\u00e1ll\u00edtva nem l\u00e9nye az a l\u00e9nyeg, hogy l\u00e1thassuk.<\/p>\n<p><strong>Beteljesedett az, hogy\u00a0 \u201eBrass\u00f3 v\u00e1rosa f\u00f6l\u00f6tt \u00c1rp\u00e1d szelleme uralkodj\u00e9k\u201d\u00a0 <\/strong><\/p>\n<p>Az, hogy a szobor kiszabadult fogs\u00e1g\u00e1b\u00f3l az EKE \u00e9rdeme,<\/p>\n<p>ami <strong>Gordon Veronik\u00e1nak k\u00f6sz\u00f6nhet\u0151.<\/strong><\/p>\n<p><strong>2002-ben, <\/strong>a k\u00f6vetkez\u0151 k\u00f6zlem\u00e9ny jelent meg a Brass\u00f3i Lapokban:<\/p>\n<p><strong>Kiszabadult az \u201e\u00c1rp\u00e1d-szobor\u201d megmaradt darabja. <\/strong>A m\u00e1sodik bekezd\u00e9sben olvashassuk: \u201eAz egykori Cenk-tet\u0151i millenniumi eml\u00e9km\u0171 \u00e9pen maradt darabj\u00e1ra <strong>Orosz J\u00f3zsef, <\/strong>nyugalmazott vegy\u00e9szm\u00e9rn\u00f6k, k\u00f6zgazd\u00e1sz, az Erd\u00e9lyi K\u00e1rp\u00e1t Egyes\u00fclet aleln\u00f6ke bukkant a m\u00fazeum rakt\u00e1r\u00e1ban\u201d. ! ??<\/p>\n<p><b>H\u00fasz \u00e9v m\u00falva.<br \/>\n<\/b><\/p>\n<p><b>A Cenk-tet\u0151n fel\u00e1ll\u00edt\u00f3t\u00a0 &#8220;\u00c1rp\u00e1d-szobor&#8221; fej-r\u00e9sz\u00e9nek a kiszabad\u00edt\u00e1s\u00e1ra eml\u00e9kez\u00fcnk, 1999 december 4.\u00a0 Amint m\u00e1r eml\u00edtett\u00fck Gordon Veronika j\u00f3volt\u00e1b\u00f3l j\u00f6tt l\u00e9tre.\u00a0<\/b><b>A fejr\u00e9sz kiszabad\u00edt\u00e1sa 2002-ben t\u00f6rt\u00e9nt meg, Szente L\u00e1szl\u00f3 \u00e9p\u00edt\u00e9sz k\u00f6zrem\u0171k\u00f6d\u00e9s\u00e9vel\u00a0 \u00e9s fogadalmat tett, hogy fejr\u00e9szt egy talpazatra helyezi \u00e9s teszi l\u00e1that\u00f3v\u00e1.\u00a0 \u00a0 \u00a0 \u00a0 \u00a0 \u00a0 \u00a0 \u00a0 \u00a0 \u00a0 \u00a0 \u00a0 \u00a0 \u00a0 \u00a0 \u00a0 \u00a0Egyel\u0151re az\u00a0 Evang\u00e9likus Egyh\u00e1z fogadta be \u00e9s a templom udvar\u00e1n l\u00e9v\u0151 irodai \u00e9p\u00fcletben \u00e1ll\u00edtott\u00e1k ki egy \u00fcveges vitrinben. Ugyancsak a templom udvar\u00e1n fel\u00e9p\u00edtett, l\u00e1tv\u00e1nyos eml\u00e9khelyen, egy talapzatra \u00e1ll\u00edtott\u00e1k \u00e1t v\u00e9glegesen \u00e9s avatt\u00e1k fel 2017 okt\u00f3ber 15-\u00e9n.\u00a0<\/b><\/p>\n<div>Az \u00fcnnepi besz\u00e9den, sok m\u00e9ltat\u00e1s elhangzott, viszont azt elhallgatt\u00e1k,\u00a0<b>tulajdonk\u00e9ppen kinek az \u00e9rdeme az, hogy l\u00e9trej\u00f6hetett ez a \u00fcnnep\u00e9ly ?<\/b><\/div>\n<div><\/div>\n<div><b>\u00a0<span style=\"display:block;clear:both;height: 0px;padding-top: 20px;\"><\/span><br \/>\n[singlepic id=9075 w=640 h=480 float=center]<br \/>\n<span style=\"display:block;clear:both;height: 0px;padding-top: 20px;\"><\/span>\u00a0<\/b><\/div>\n<div><\/div>\n<div><b>1913-ban\u00a0<\/b>a szobor ellen robbant\u00e1sos mer\u00e9nylet t\u00f6rt\u00e9nt, aminek k\u00f6vetkezt\u00e9ben a szobor nem d\u0151lt le.<b>\u00a0\u00a0<\/b>Az alapj\u00e1nak egy kis r\u00e9sze omlott le. A robban\u00e1s k\u00f6vetkezt\u00e9ben a sz\u00e9trep\u00fcl\u0151 k\u00f6vek \u00e1ll\u00edt\u00f3lag m\u00e9g ma is ott hevernek sz\u00e9tsz\u00f3r\u00f3dva. A robban\u00e1s k\u00f6vetkezt\u00e9ben a megs\u00e9r\u00fclt alap \u00e9p\u00edtm\u00e9ny miatt az oszlop be\u00e1gyaz\u00e1sa is meggyeng\u00fclhetett. A nemsok\u00e1ra bek\u00f6vetkezett sz\u00e9lvihar ez\u00e9rt tudta led\u00f6nteni\u00a0 a szobrot. A szobor az alap \u00e9p\u00edtm\u00e9nyt\u0151l nem eshetett messzire. Let\u00f6rt a feje \u00e9s val\u00f3sz\u00edn\u0171, hogy a test r\u00e9szei is megs\u00e9r\u00fcltek.<\/div>\n<div>A szobor \u00f6sszet\u00f6rt r\u00e9szeit \u00f6sszeszedt\u00e9k \u00e9s a m\u00fazeum pinc\u00e9j\u00e9ben helyezt\u00e9k el \u00e9s vett\u00e9k lelt\u00e1rban. Ezek szerint a szobor t\u00f6bbi r\u00e9szi is megvan. Eml\u00edtette is\u00a0<b>Veronika<\/b>\u00a0annak idej\u00e9n. K\u00e1r, hogy nem mentett\u00e9k meg az eg\u00e9sz szobrot. \u00c9rdemes lett volna.<\/div>\n<div><b>Fot\u00f3 gal\u00e9ria:\u00a0<\/b><\/div>\n<div><\/div>\n<div><span style=\"display:block;clear:both;height: 0px;padding-top: 20px;\"><\/span><\/div>\n<div>[nggallery id=719]<\/div>\n<p><strong>\u00a0<\/strong><\/p>\n<p><strong>\u00a0\u00a0\u00a0 \u00a0\u00a0\u00a0\u00a0\u00a0 \u00a0\u00a0\u00a0\u00a0\u00a0\u00a0\u00a0\u00a0\u00a0\u00a0\u00a0\u00a0\u00a0\u00a0\u00a0\u00a0\u00a0\u00a0 \u00a0\u00a0\u00a0\u00a0\u00a0\u00a0\u00a0\u00a0\u00a0\u00a0\u00a0\u00a0\u00a0\u00a0\u00a0\u00a0\u00a0\u00a0\u00a0\u00a0\u00a0\u00a0\u00a0\u00a0\u00a0<\/strong><\/p>\n<p><strong>\u00a0<\/strong><\/p>\n<p><strong>\u00a0 <\/strong><\/p>\n<p>&nbsp;<\/p>\n<p>&nbsp;<\/p>\n","protected":false},"excerpt":{"rendered":"<p>Az 1896 okt\u00f3ber 18-\u00e1n, 119 \u00e9ve a Cenk tet\u0151n felavatott\u00a0 \u00a0\u00a0\u00a0\u00a0\u00a0\u00a0\u00a0\u00a0\u00a0 \u00a0\u00a0\u00a0\u00a0\u00a0\u00a0\u00a0\u00a0\u00a0\u00a0\u00a0\u00a0\u00a0\u00a0\u00a0\u00a0\u00a0\u00a0\u00a0\u00a0\u00a0\u00a0\u00a0\u00a0\u00a0\u00a0 \u00c1rp\u00e1d- szoborra eml\u00e9kez\u00fcnk, \u00a0\u00a0\u00a0\u00a0\u00a0\u00a0\u00a0\u00a0\u00a0\u00a0\u00a0\u00a0\u00a0\u00a0\u00a0\u00a0\u00a0\u00a0 \u00a0 amelyet\u00a0 az eml\u00edtett \u00e9v augusztus\u00e1ban \u00e1ll\u00edtottak fel. \u00a0 \u00a0\u00a0\u00a0\u00a0\u00a0\u00a0\u00a0\u00a0\u00a0 E felrobbantott, elpuszt\u00edtott\u00a0 milleniumi eml\u00e9km\u0171re, amely a k\u00f6ztudatban \u00c1rp\u00e1d-szobor n\u00e9ven ismeretes, a brass\u00f3i magyars\u00e1g sz\u00edv\u00e9be z\u00e1rta \u00e9s szeretettel eml\u00e9kezik r\u00e1.\u00a0 A val\u00f3s\u00e1gban elpuszt\u00edtott\u00e1k e remek m\u0171vet, de a magyar &hellip; <a href=\"https:\/\/brassoi-turista-egyesulet.eu\/?page_id=733\" class=\"more-link\">Continue reading <span class=\"screen-reader-text\">\u00c1rp\u00e1d szobor<\/span> <span class=\"meta-nav\">&rarr;<\/span><\/a><\/p>\n","protected":false},"author":1,"featured_media":0,"parent":0,"menu_order":0,"comment_status":"closed","ping_status":"open","template":"","meta":{"footnotes":""},"class_list":["post-733","page","type-page","status-publish","hentry"],"_links":{"self":[{"href":"https:\/\/brassoi-turista-egyesulet.eu\/index.php?rest_route=\/wp\/v2\/pages\/733","targetHints":{"allow":["GET"]}}],"collection":[{"href":"https:\/\/brassoi-turista-egyesulet.eu\/index.php?rest_route=\/wp\/v2\/pages"}],"about":[{"href":"https:\/\/brassoi-turista-egyesulet.eu\/index.php?rest_route=\/wp\/v2\/types\/page"}],"author":[{"embeddable":true,"href":"https:\/\/brassoi-turista-egyesulet.eu\/index.php?rest_route=\/wp\/v2\/users\/1"}],"replies":[{"embeddable":true,"href":"https:\/\/brassoi-turista-egyesulet.eu\/index.php?rest_route=%2Fwp%2Fv2%2Fcomments&post=733"}],"version-history":[{"count":5,"href":"https:\/\/brassoi-turista-egyesulet.eu\/index.php?rest_route=\/wp\/v2\/pages\/733\/revisions"}],"predecessor-version":[{"id":1920,"href":"https:\/\/brassoi-turista-egyesulet.eu\/index.php?rest_route=\/wp\/v2\/pages\/733\/revisions\/1920"}],"wp:attachment":[{"href":"https:\/\/brassoi-turista-egyesulet.eu\/index.php?rest_route=%2Fwp%2Fv2%2Fmedia&parent=733"}],"curies":[{"name":"wp","href":"https:\/\/api.w.org\/{rel}","templated":true}]}}