{"id":89,"date":"2013-11-28T00:12:26","date_gmt":"2013-11-27T22:12:26","guid":{"rendered":"http:\/\/brassoi-turista-egyesulet.eu\/?page_id=89"},"modified":"2016-01-23T17:20:06","modified_gmt":"2016-01-23T14:20:06","slug":"kezdolap-2","status":"publish","type":"page","link":"https:\/\/brassoi-turista-egyesulet.eu\/","title":{"rendered":"Kezd\u0151lap"},"content":{"rendered":"<p>Isten Hozta a Brass\u00f3i Turista Egyes\u00fclet hivatalos honlapj\u00e1n. Rem\u00e9lj\u00fck, hogy kellemesen t\u00f6lti idej\u00e9t ak\u00e1r kir\u00e1ndul\u00e1sainkr\u00f3l olvasva, ak\u00e1r f\u00e9nyk\u00e9peinket n\u00e9zegetve. Kellemes b\u00f6ng\u00e9sz\u00e9st k\u00edv\u00e1nunk mindenkinek.<\/p>\n<p>A t\u00far\u00e1kat szervezi: <strong>Szotyory Gy\u00f6rgy<\/strong> &#8211; alap\u00edt\u00f3 eln\u00f6k<\/p>\n<p>A honlapot szerkeszti: <strong>Szotyory\u00a0K\u00e1lm\u00e1n<\/strong> &#8211; eln\u00f6k<\/p>\n<p>&nbsp;<\/p>\n<p><strong>Az oldalon megjelent k\u00e9peket \u00e9s k\u00f6zlem\u00e9nyeket szerz\u0151i jogok v\u00e9dik. B\u00e1rmilyen, szerz\u0151 \u00e1ltali, \u00edr\u00e1sos enged\u00e9ly n\u00e9lk\u00fcli felhaszn\u00e1l\u00e1st a t\u00f6rv\u00e9ny b\u00fcnteti.<\/strong><\/p>\n<p><strong>A t\u00far\u00e1k minden h\u00e9ten kedd \u00e9s cs\u00fct\u00f6rt\u00f6k k\u00f6z\u00f6tt jelennek meg.<\/strong><\/p>\n","protected":false},"excerpt":{"rendered":"<p>Isten Hozta a Brass\u00f3i Turista Egyes\u00fclet hivatalos honlapj\u00e1n. Rem\u00e9lj\u00fck, hogy kellemesen t\u00f6lti idej\u00e9t ak\u00e1r kir\u00e1ndul\u00e1sainkr\u00f3l olvasva, ak\u00e1r f\u00e9nyk\u00e9peinket n\u00e9zegetve. Kellemes b\u00f6ng\u00e9sz\u00e9st k\u00edv\u00e1nunk mindenkinek. A t\u00far\u00e1kat szervezi: Szotyory Gy\u00f6rgy &#8211; alap\u00edt\u00f3 eln\u00f6k A honlapot szerkeszti: Szotyory\u00a0K\u00e1lm\u00e1n &#8211; eln\u00f6k &nbsp; Az oldalon megjelent k\u00e9peket \u00e9s k\u00f6zlem\u00e9nyeket szerz\u0151i jogok v\u00e9dik. B\u00e1rmilyen, szerz\u0151 \u00e1ltali, \u00edr\u00e1sos enged\u00e9ly n\u00e9lk\u00fcli felhaszn\u00e1l\u00e1st a &hellip; <a href=\"https:\/\/brassoi-turista-egyesulet.eu\/\" class=\"more-link\">Continue reading <span class=\"screen-reader-text\">Kezd\u0151lap<\/span> <span class=\"meta-nav\">&rarr;<\/span><\/a><\/p>\n","protected":false},"author":1,"featured_media":0,"parent":0,"menu_order":0,"comment_status":"closed","ping_status":"closed","template":"","meta":{"footnotes":""},"class_list":["post-89","page","type-page","status-publish","hentry"],"_links":{"self":[{"href":"https:\/\/brassoi-turista-egyesulet.eu\/index.php?rest_route=\/wp\/v2\/pages\/89","targetHints":{"allow":["GET"]}}],"collection":[{"href":"https:\/\/brassoi-turista-egyesulet.eu\/index.php?rest_route=\/wp\/v2\/pages"}],"about":[{"href":"https:\/\/brassoi-turista-egyesulet.eu\/index.php?rest_route=\/wp\/v2\/types\/page"}],"author":[{"embeddable":true,"href":"https:\/\/brassoi-turista-egyesulet.eu\/index.php?rest_route=\/wp\/v2\/users\/1"}],"replies":[{"embeddable":true,"href":"https:\/\/brassoi-turista-egyesulet.eu\/index.php?rest_route=%2Fwp%2Fv2%2Fcomments&post=89"}],"version-history":[{"count":10,"href":"https:\/\/brassoi-turista-egyesulet.eu\/index.php?rest_route=\/wp\/v2\/pages\/89\/revisions"}],"predecessor-version":[{"id":845,"href":"https:\/\/brassoi-turista-egyesulet.eu\/index.php?rest_route=\/wp\/v2\/pages\/89\/revisions\/845"}],"wp:attachment":[{"href":"https:\/\/brassoi-turista-egyesulet.eu\/index.php?rest_route=%2Fwp%2Fv2%2Fmedia&parent=89"}],"curies":[{"name":"wp","href":"https:\/\/api.w.org\/{rel}","templated":true}]}}